{"id":9673,"date":"2021-06-24T12:14:44","date_gmt":"2021-06-24T10:14:44","guid":{"rendered":"https:\/\/www.liceuldeartams.ro\/?page_id=9673"},"modified":"2025-07-10T09:48:16","modified_gmt":"2025-07-10T07:48:16","slug":"rezultate-evaluarea-nationala-2","status":"publish","type":"page","link":"https:\/\/www.liceuldeartams.ro\/hu\/rezultate-evaluarea-nationala-2\/","title":{"rendered":"Rezultate Evaluarea Nationala"},"content":{"rendered":"<hr \/>\n<h5><b><u>DATA: 10.07.2025<\/u><\/b><\/h5>\n<h5><b><a href=\"http:\/\/www.liceuldeartams.ro\/wp-content\/uploads\/2025\/07\/Lista_Notelor_Finale_EN_2025__CNA.pdf\">LISTA NOTELOR FINALE &#8211; EVALUAREA NA\u021aIONAL\u0102 2025<\/a><\/b><\/p>\n<hr \/>\n<h5><b><u>DATA: 03.07.2025<\/u><\/b><\/h5>\n<h5><b><a href=\"http:\/\/www.liceuldeartams.ro\/wp-content\/uploads\/2025\/07\/ListaNotelor_EN_8_03072025__CNA.pdf\">LISTA NOTELOR &#8211; EVALUAREA NA\u021aIONAL\u0102 2025<\/a><\/b><\/h5>\n<hr \/>\n<h5><b><u>DATA: 25.06.2025<\/u><\/b><\/h5>\n<h5><b><a href=\"http:\/\/www.liceuldeartams.ro\/wp-content\/uploads\/2025\/07\/EN_VIII_2025__Anunt_vizualizare_lucrari_contestatii__CNA.pdf\">ANUN\u021a VIZUALIZARE CONTESTA\u021aII &#8211; COLEGIUL NA\u021aIONAL DE ART\u0102 T\u00c2RGU MURE\u0218 &#8211; EVALUAREA NA\u021aIONAL\u0102 2025<\/a><\/b><\/h5>\n<h5><b><a href=\"http:\/\/www.liceuldeartams.ro\/wp-content\/uploads\/2025\/06\/Model__Cerere_Contestatie_EN_2025.pdf\">MODEL &#8211; CERERE CONTESTA\u021aIE &#8211; COLEGIUL NA\u021aIONAL DE ART\u0102 T\u00c2RGU MURE\u0218 &#8211; EVALUAREA NA\u021aIONAL\u0102 2025<\/a><\/b><\/h5>\n<h5><b><a href=\"http:\/\/www.liceuldeartams.ro\/wp-content\/uploads\/2025\/06\/Model__Cerere_Vizualizare_EN_2025.pdf\">MODEL &#8211; CERERE VIZUALIZARE &#8211; COLEGIUL NA\u021aIONAL DE ART\u0102 T\u00c2RGU MURE\u0218 &#8211; EVALUAREA NA\u021aIONAL\u0102 2025<\/a><\/b><\/h5>\n<hr \/>\n<hr \/>\n<h5><b><u>DATA: 05.07.2023\u00a0<\/u><\/h5>\n<h5><b>Pentru vizualizarea de c\u0103tre candida\u021bi a lucr\u0103rilor proprii, corespunz\u0103toare probelor sus\u021binute \u00een cadrul examenului de Evaluare Na\u021bional\u0103 pentru absolven\u021bii clasei a VIII-a \u00een anul \u0219colar 2022-2023 candidatul major \u0219i\/p\u0103rin\u021bii\/reprezenta\u021bii legali ai candidatului minor poate\/pot depune la sediul unit\u0103\u021bii de \u00eenv\u0103\u021b\u0103m\u00e2nt o cerere prin care solicit\u0103 vizualizarea lucr\u0103rii\/lucr\u0103rilor  \u00een perioada 6-7 iulie 2023 \u00eentre orele 8.00-15.00.<\/b><\/h5>\n<h5><b><i>Vizualizarea lucr\u0103rilor se va realiza la sediul Inspectoratului \u0218colar Jude\u021bean Mure\u0219, T\u00e2rgu-Mure\u0219, str. Dr. Victor Babe\u0219, nr. 11, \u00een sala 200, \u00een data de 25 iulie 2023, \u00eentre orele 12.00-16.00.<\/i><\/b><\/h5>\n<hr \/>\n<h5><b><a href=\"http:\/\/www.liceuldeartams.ro\/wp-content\/uploads\/2023\/07\/Vizualizare_lucrari_EN_5764_04_07_2023.pdf\">REFERITOR: Vizualizarea de c\u0103tre candida\u021bi a lucr\u0103rilor proprii sus\u021binute \u00een cadrul examenului de Evaluare Na\u021bional\u0103 pentru absolven\u021bii clasei a VIII-a \u00een anul \u0219colar 2022-2023<\/a><\/b><\/p>\n<hr>\n<h3><u><b>Rezultate Evaluarea Na\u021bional\u0103 2023<\/b><\/u><\/h3>\n<hr \/>\n<h5><b><u>DATA: 04.07.2023\u00a0<\/u><\/p>\n<h5><b><a href=\"http:\/\/www.liceuldeartams.ro\/wp-content\/uploads\/2023\/07\/LISTA_NOTELOR_FINALE__EN_2023_LVA.pdf\">LISTA NOTELOR FINALE EVALUAREA NA\u0162IONAL\u0102 2023<\/a><\/b><\/h5>\n<hr \/>\n<h5><b><u>DATA: 28.06.2023\u00a0<\/u><\/p>\n<h5><b><a href=\"http:\/\/www.liceuldeartams.ro\/wp-content\/uploads\/2023\/06\/LISTA_NOTELOR_EN_2023_LVA.pdf\">LISTA NOTELOR EVALUAREA NA\u0162IONAL\u0102 2023 &#8211; \u00cenainte de contesta\u021bii<\/a><\/b><\/h5>\n<hr>\n<h5><b><u>ANUN\u021a CONTESTA\u021aII &#8211; Evaluarea Na\u021bional\u0103 2023<\/u><\/b><\/h5>\n<h5>Depunerea contesta\u021biilor pentru Evaluarea Na\u021bional\u0103 se va desf\u0103\u0219ura \u00een cl\u0103direa 1 din str. Revolu\u021biei, nr. 9 &#8211; Sala dir. adjunct, etaj I, nr. 14, dup\u0103 urm\u0103torul program:<br \/>\n<b><br \/>\n&#8211; Miercuri, 28.06.2023, \u00eentre orele 16:00 &#8211; 19:00<\/p>\n<p>&#8211; Joi, 29.06.2023, \u00eentre orele 8:00 &#8211; 12:00<br \/>\n<\/b><br \/>\nsau<\/p>\n<p>pe adresa de e-mail <b><i><a href=\"mailto:contestatie_en@liceuldeartams.ro\">contestatie_en@liceuldeartams.ro<\/a><\/i><\/b> conform programului de depunere a contesta\u021biilor<\/h5>\n<hr>\n<h5><b><a href=\"http:\/\/www.liceuldeartams.ro\/wp-content\/uploads\/2023\/06\/MODEL_CERERE_DE_CONTESTATIE_EN_2023_LVA.pdf\">MODEL DE CONTESTA\u021aIE &#8211; EVALUAREA NA\u0162IONAL\u0102 2023<\/a><\/b><\/h5>\n<hr>\n<h3><u><b>Rezultate Evaluarea Na\u021bional\u0103 2022<\/b><\/u><\/h3>\n<hr \/>\n<h5><b><u>DATA: 04.07.2022\u00a0<\/u><\/h5>\n<h5><b>Pentru vizualizarea de c\u0103tre candida\u021bi a lucr\u0103rilor proprii sus\u021binute \u00een cadrul examenului de Evaluare Na\u021bional\u0103 pentru absolven\u021bii clasei a VIII-a \u00een anul \u0219colar 2021-2022 candidatul major \u0219i\/p\u0103rin\u021bii\/reprezenta\u021bii legali ai candidatului minor poate\/pot depune la sediul unit\u0103\u021bii de \u00eenv\u0103\u021b\u0103m\u00e2nt o cerere prin care solicit\u0103 vizualizarea lucr\u0103rilor \u00een perioada 5-6 iulie 2022 \u00eentre orele 8.00-15.00.<\/b><\/h5>\n<h5><b>Data planificat\u0103 pentru vizualizare este 20 iulie 2022, \u00een intervalul orar 10.00-12.00, la Inspectoratul \u0218colar Jude\u021bean Mure\u0219, sala 200.<\/b><\/h5>\n<hr \/>\n<h5><b><a href=\"http:\/\/www.liceuldeartams.ro\/wp-content\/uploads\/2022\/07\/Vizualizare_lucrari_EN_5744_01_07_2022.pdf\">REFERITOR: Vizualizarea de c\u0103tre candida\u021bi a lucr\u0103rilor proprii sus\u021binute \u00een cadrul examenului de Evaluare Na\u021bional\u0103 pentru absolven\u021bii clasei a VIII-a \u00een anul \u0219colar 2021-2022<\/a><\/b><\/p>\n<hr \/>\n<h5><b><u>DATA: 30.06.2022\u00a0<\/u><\/p>\n<hr \/>\n<h5><b><a href=\"http:\/\/www.liceuldeartams.ro\/wp-content\/uploads\/2022\/06\/Lista_notelor_FINALE_EN_30062022.pdf\">LISTA NOTELOR FINALE EVALUAREA NA\u0162IONAL\u0102 2022 &#8211; Dup\u0103 contesta\u021bii<\/a><\/b><\/h5>\n<hr \/>\n<h5><b><u>DATA: 23.06.2022\u00a0<\/u><\/p>\n<hr>\n<h5><b><a href=\"http:\/\/www.liceuldeartams.ro\/wp-content\/uploads\/2022\/06\/Lista_notelor_Evaluarea_Nationala_2022.pdf\">LISTA NOTELOR EVALUAREA NA\u0162IONAL\u0102 2022 &#8211; \u00cenainte de contesta\u021bii<\/a><\/b><\/h5>\n<hr>\n<h5><b><u>ANUN\u021a CONTESTA\u021aII &#8211; Evaluarea Na\u021bional\u0103 2022<\/u><\/b><\/h5>\n<h5>Depunerea contesta\u021biilor pentru Evaluarea Na\u021bional\u0103 se va desf\u0103\u0219ura \u00een cl\u0103direa 1 din str. Revolu\u021biei, nr. 9 &#8211; Sala dir. adjunct, etaj I, nr. 14, dup\u0103 urm\u0103torul program:<br \/>\n<b><br \/>\n&#8211; JOI, 23.06.2022, \u00eentre orele 16:00 &#8211; 19:00<\/p>\n<p>&#8211; VINERI, 24.06.2022, \u00eentre orele 8:00 &#8211; 12:00<br \/>\n<\/b><br \/>\nsau<\/p>\n<p>pe adresa de e-mail <b><i><a href=\"mailto:contestatie_en@liceuldeartams.ro\">contestatie_en@liceuldeartams.ro<\/a><\/i><\/b> conform programului de depunere a contesta\u021biilor<\/h5>\n<hr>\n<h5><b><a href=\"http:\/\/www.liceuldeartams.ro\/wp-content\/uploads\/2022\/06\/MODEL_CONTESTATIE_EN_2022.pdf\">MODEL DE CONTESTA\u021aIE &#8211; EVALUAREA NA\u0162IONAL\u0102 2022<\/a><\/b><\/h5>\n<hr>\n<p><img decoding=\"async\" src=\"http:\/\/www.liceuldeartams.ro\/wp-content\/uploads\/2022\/06\/Calendar_Evaluare_Natioanala_2022.jpg\" alt=\"\"><\/p>\n<hr>\n<h5><u><b>Rezultate Evaluarea Na\u021bional\u0103 2021<\/b><\/u><\/h5>\n<hr>\n<p><b><a href=\"\/wp-content\/uploads\/2021\/07\/Rezultate_Evaluarea_Nationala__2021.pdf\">REZULTATELE LA EVALUAREA NA\u021aIONAL\u0102 2021 &#8211; DUP\u0102 DE CONTESTA\u021aII<\/a><\/b><\/p>\n<hr>\n<hr>\n<h4><b><u>ANUN\u021a DEPUNERE CERERE DE VIZUALIZARE LUCR\u0102RI &#8211; Evaluare Na\u021bional\u0103 2021<\/u><\/b><\/h4>\n<p>Program pentru depunerea cererilor \u00een vederea vizualiz\u0103rii lucr\u0103rilor de <b>Evaluare Na\u021bional\u0103 este 15-16 iulie 2021 \u00eentre orele 10,00-13,00<\/b> la secretariatul Liceului Voca\u021bional de Art\u0103.<\/p>\n<p>Data planificat\u0103 pentru vizualizare este 26.07.2021, \u00een intervalul orar 12,00-15,00 la <b>ISJ MURE\u0218, Sala 200.<\/b><\/p>\n<hr>\n<p><b><a href=\"\/wp-content\/uploads\/2021\/06\/Rezultate_Evaluarea_Nationala_2021.pdf\">REZULTATELE LA EVALUAREA NA\u021aIONAL\u0102 2021 &#8211; \u00ceNAINTE DE CONTESTA\u021aII<\/a><\/b><\/p>\n<hr>\n<h5><b><u>ANUN\u021a CONTESTA\u021aII &#8211; Evaluarea Na\u021bional\u0103 2021<\/u><\/b><\/h5>\n<p>Depunerea contesta\u021biilor pentru Evaluarea Na\u021bional\u0103 se va desf\u0103\u0219ura dup\u0103 urm\u0103torul program:<\/p>\n<p>&#8211; MAR\u021aI, 29.06.2020, \u00eentre orele 16:00 &#8211; 19:00 \u00een cl\u0103direa 1 din str. Revolu\u021biei, nr. 9 &#8211; Sala de informatic\u0103, etaj I, nr. 16<\/p>\n<p>&#8211; MIERCURI, 30.06.2020, \u00eentre orele 8:00 &#8211; 12:00 \u00een cl\u0103direa 2 din str. M\u0103r\u0103\u0219ti, nr. 8A &#8211; Parter<\/p>\n<p>sau<\/p>\n<p>pe adresa de e-mail <b>contestatie_en@liceuldeartams.ro<\/b> conform programului de depunere a contesta\u021biilor<\/p>\n<hr>\n<hr>\n<p><b><a href=\"\/wp-content\/uploads\/2021\/06\/Cerere_contestatii_EN2021.pdf\">Cerere_contestatii_EN2021.pdf<\/a><\/b><\/p>\n<hr>\n<hr>\n","protected":false},"excerpt":{"rendered":"<p>DATA: 10.07.2025 LISTA NOTELOR FINALE &#8211; EVALUAREA NA\u021aIONAL\u0102 2025 DATA: 03.07.2025 LISTA NOTELOR &#8211; EVALUAREA NA\u021aIONAL\u0102 2025 DATA: 25.06.2025 ANUN\u021a VIZUALIZARE CONTESTA\u021aII &#8211; COLEGIUL NA\u021aIONAL DE ART\u0102 T\u00c2RGU MURE\u0218 &#8211; EVALUAREA NA\u021aIONAL\u0102 2025 MODEL &#8211; CERERE CONTESTA\u021aIE &#8211; COLEGIUL NA\u021aIONAL DE ART\u0102 T\u00c2RGU MURE\u0218 &#8211; EVALUAREA NA\u021aIONAL\u0102 2025 MODEL &#8211; CERERE VIZUALIZARE &#8211; COLEGIUL NA\u021aIONAL&#8230;<\/p>\n","protected":false},"author":3,"featured_media":0,"parent":0,"menu_order":0,"comment_status":"closed","ping_status":"closed","template":"","meta":{"footnotes":""},"class_list":["post-9673","page","type-page","status-publish","hentry"],"_links":{"self":[{"href":"https:\/\/www.liceuldeartams.ro\/hu\/wp-json\/wp\/v2\/pages\/9673","targetHints":{"allow":["GET"]}}],"collection":[{"href":"https:\/\/www.liceuldeartams.ro\/hu\/wp-json\/wp\/v2\/pages"}],"about":[{"href":"https:\/\/www.liceuldeartams.ro\/hu\/wp-json\/wp\/v2\/types\/page"}],"author":[{"embeddable":true,"href":"https:\/\/www.liceuldeartams.ro\/hu\/wp-json\/wp\/v2\/users\/3"}],"replies":[{"embeddable":true,"href":"https:\/\/www.liceuldeartams.ro\/hu\/wp-json\/wp\/v2\/comments?post=9673"}],"version-history":[{"count":68,"href":"https:\/\/www.liceuldeartams.ro\/hu\/wp-json\/wp\/v2\/pages\/9673\/revisions"}],"predecessor-version":[{"id":12325,"href":"https:\/\/www.liceuldeartams.ro\/hu\/wp-json\/wp\/v2\/pages\/9673\/revisions\/12325"}],"wp:attachment":[{"href":"https:\/\/www.liceuldeartams.ro\/hu\/wp-json\/wp\/v2\/media?parent=9673"}],"curies":[{"name":"wp","href":"https:\/\/api.w.org\/{rel}","templated":true}]}}

<hr />
<h5><b><u>DATA: 10.07.2025</u></b></h5>
<h5><b><a href="http://www.liceuldeartams.ro/wp-content/uploads/2025/07/Lista_Notelor_Finale_EN_2025__CNA.pdf">LISTA NOTELOR FINALE &#8211; EVALUAREA NAȚIONALĂ 2025</a></b></p>
<hr />
<h5><b><u>DATA: 03.07.2025</u></b></h5>
<h5><b><a href="http://www.liceuldeartams.ro/wp-content/uploads/2025/07/ListaNotelor_EN_8_03072025__CNA.pdf">LISTA NOTELOR &#8211; EVALUAREA NAȚIONALĂ 2025</a></b></h5>
<hr />
<h5><b><u>DATA: 25.06.2025</u></b></h5>
<h5><b><a href="http://www.liceuldeartams.ro/wp-content/uploads/2025/07/EN_VIII_2025__Anunt_vizualizare_lucrari_contestatii__CNA.pdf">ANUNȚ VIZUALIZARE CONTESTAȚII &#8211; COLEGIUL NAȚIONAL DE ARTĂ TÂRGU MUREȘ &#8211; EVALUAREA NAȚIONALĂ 2025</a></b></h5>
<h5><b><a href="http://www.liceuldeartams.ro/wp-content/uploads/2025/06/Model__Cerere_Contestatie_EN_2025.pdf">MODEL &#8211; CERERE CONTESTAȚIE &#8211; COLEGIUL NAȚIONAL DE ARTĂ TÂRGU MUREȘ &#8211; EVALUAREA NAȚIONALĂ 2025</a></b></h5>
<h5><b><a href="http://www.liceuldeartams.ro/wp-content/uploads/2025/06/Model__Cerere_Vizualizare_EN_2025.pdf">MODEL &#8211; CERERE VIZUALIZARE &#8211; COLEGIUL NAȚIONAL DE ARTĂ TÂRGU MUREȘ &#8211; EVALUAREA NAȚIONALĂ 2025</a></b></h5>
<hr />
<hr />
<h5><b><u>DATA: 05.07.2023 </u></h5>
<h5><b>Pentru vizualizarea de către candidați a lucrărilor proprii, corespunzătoare probelor susținute în cadrul examenului de Evaluare Națională pentru absolvenții clasei a VIII-a în anul școlar 2022-2023 candidatul major și/părinții/reprezentații legali ai candidatului minor poate/pot depune la sediul unității de învățământ o cerere prin care solicită vizualizarea lucrării/lucrărilor  în perioada 6-7 iulie 2023 între orele 8.00-15.00.</b></h5>
<h5><b><i>Vizualizarea lucrărilor se va realiza la sediul Inspectoratului Școlar Județean Mureș, Târgu-Mureș, str. Dr. Victor Babeș, nr. 11, în sala 200, în data de 25 iulie 2023, între orele 12.00-16.00.</i></b></h5>
<hr />
<h5><b><a href="http://www.liceuldeartams.ro/wp-content/uploads/2023/07/Vizualizare_lucrari_EN_5764_04_07_2023.pdf">REFERITOR: Vizualizarea de către candidați a lucrărilor proprii susținute în cadrul examenului de Evaluare Națională pentru absolvenții clasei a VIII-a în anul școlar 2022-2023</a></b></p>
<hr>
<h3><u><b>Rezultate Evaluarea Națională 2023</b></u></h3>
<hr />
<h5><b><u>DATA: 04.07.2023 </u></p>
<h5><b><a href="http://www.liceuldeartams.ro/wp-content/uploads/2023/07/LISTA_NOTELOR_FINALE__EN_2023_LVA.pdf">LISTA NOTELOR FINALE EVALUAREA NAŢIONALĂ 2023</a></b></h5>
<hr />
<h5><b><u>DATA: 28.06.2023 </u></p>
<h5><b><a href="http://www.liceuldeartams.ro/wp-content/uploads/2023/06/LISTA_NOTELOR_EN_2023_LVA.pdf">LISTA NOTELOR EVALUAREA NAŢIONALĂ 2023 &#8211; Înainte de contestații</a></b></h5>
<hr>
<h5><b><u>ANUNȚ CONTESTAȚII &#8211; Evaluarea Națională 2023</u></b></h5>
<h5>Depunerea contestațiilor pentru Evaluarea Națională se va desfășura în clădirea 1 din str. Revoluției, nr. 9 &#8211; Sala dir. adjunct, etaj I, nr. 14, după următorul program:<br />
<b><br />
&#8211; Miercuri, 28.06.2023, între orele 16:00 &#8211; 19:00</p>
<p>&#8211; Joi, 29.06.2023, între orele 8:00 &#8211; 12:00<br />
</b><br />
sau</p>
<p>pe adresa de e-mail <b><i><a href="mailto:contestatie_en@liceuldeartams.ro">contestatie_en@liceuldeartams.ro</a></i></b> conform programului de depunere a contestațiilor</h5>
<hr>
<h5><b><a href="http://www.liceuldeartams.ro/wp-content/uploads/2023/06/MODEL_CERERE_DE_CONTESTATIE_EN_2023_LVA.pdf">MODEL DE CONTESTAȚIE &#8211; EVALUAREA NAŢIONALĂ 2023</a></b></h5>
<hr>
<h3><u><b>Rezultate Evaluarea Națională 2022</b></u></h3>
<hr />
<h5><b><u>DATA: 04.07.2022 </u></h5>
<h5><b>Pentru vizualizarea de către candidați a lucrărilor proprii susținute în cadrul examenului de Evaluare Națională pentru absolvenții clasei a VIII-a în anul școlar 2021-2022 candidatul major și/părinții/reprezentații legali ai candidatului minor poate/pot depune la sediul unității de învățământ o cerere prin care solicită vizualizarea lucrărilor în perioada 5-6 iulie 2022 între orele 8.00-15.00.</b></h5>
<h5><b>Data planificată pentru vizualizare este 20 iulie 2022, în intervalul orar 10.00-12.00, la Inspectoratul Școlar Județean Mureș, sala 200.</b></h5>
<hr />
<h5><b><a href="http://www.liceuldeartams.ro/wp-content/uploads/2022/07/Vizualizare_lucrari_EN_5744_01_07_2022.pdf">REFERITOR: Vizualizarea de către candidați a lucrărilor proprii susținute în cadrul examenului de Evaluare Națională pentru absolvenții clasei a VIII-a în anul școlar 2021-2022</a></b></p>
<hr />
<h5><b><u>DATA: 30.06.2022 </u></p>
<hr />
<h5><b><a href="http://www.liceuldeartams.ro/wp-content/uploads/2022/06/Lista_notelor_FINALE_EN_30062022.pdf">LISTA NOTELOR FINALE EVALUAREA NAŢIONALĂ 2022 &#8211; După contestații</a></b></h5>
<hr />
<h5><b><u>DATA: 23.06.2022 </u></p>
<hr>
<h5><b><a href="http://www.liceuldeartams.ro/wp-content/uploads/2022/06/Lista_notelor_Evaluarea_Nationala_2022.pdf">LISTA NOTELOR EVALUAREA NAŢIONALĂ 2022 &#8211; Înainte de contestații</a></b></h5>
<hr>
<h5><b><u>ANUNȚ CONTESTAȚII &#8211; Evaluarea Națională 2022</u></b></h5>
<h5>Depunerea contestațiilor pentru Evaluarea Națională se va desfășura în clădirea 1 din str. Revoluției, nr. 9 &#8211; Sala dir. adjunct, etaj I, nr. 14, după următorul program:<br />
<b><br />
&#8211; JOI, 23.06.2022, între orele 16:00 &#8211; 19:00</p>
<p>&#8211; VINERI, 24.06.2022, între orele 8:00 &#8211; 12:00<br />
</b><br />
sau</p>
<p>pe adresa de e-mail <b><i><a href="mailto:contestatie_en@liceuldeartams.ro">contestatie_en@liceuldeartams.ro</a></i></b> conform programului de depunere a contestațiilor</h5>
<hr>
<h5><b><a href="http://www.liceuldeartams.ro/wp-content/uploads/2022/06/MODEL_CONTESTATIE_EN_2022.pdf">MODEL DE CONTESTAȚIE &#8211; EVALUAREA NAŢIONALĂ 2022</a></b></h5>
<hr>
<p><img decoding="async" src="http://www.liceuldeartams.ro/wp-content/uploads/2022/06/Calendar_Evaluare_Natioanala_2022.jpg" alt=""></p>
<hr>
<h5><u><b>Rezultate Evaluarea Națională 2021</b></u></h5>
<hr>
<p><b><a href="/wp-content/uploads/2021/07/Rezultate_Evaluarea_Nationala__2021.pdf">REZULTATELE LA EVALUAREA NAȚIONALĂ 2021 &#8211; DUPĂ DE CONTESTAȚII</a></b></p>
<hr>
<hr>
<h4><b><u>ANUNȚ DEPUNERE CERERE DE VIZUALIZARE LUCRĂRI &#8211; Evaluare Națională 2021</u></b></h4>
<p>Program pentru depunerea cererilor în vederea vizualizării lucrărilor de <b>Evaluare Națională este 15-16 iulie 2021 între orele 10,00-13,00</b> la secretariatul Liceului Vocațional de Artă.</p>
<p>Data planificată pentru vizualizare este 26.07.2021, în intervalul orar 12,00-15,00 la <b>ISJ MUREȘ, Sala 200.</b></p>
<hr>
<p><b><a href="/wp-content/uploads/2021/06/Rezultate_Evaluarea_Nationala_2021.pdf">REZULTATELE LA EVALUAREA NAȚIONALĂ 2021 &#8211; ÎNAINTE DE CONTESTAȚII</a></b></p>
<hr>
<h5><b><u>ANUNȚ CONTESTAȚII &#8211; Evaluarea Națională 2021</u></b></h5>
<p>Depunerea contestațiilor pentru Evaluarea Națională se va desfășura după următorul program:</p>
<p>&#8211; MARȚI, 29.06.2020, între orele 16:00 &#8211; 19:00 în clădirea 1 din str. Revoluției, nr. 9 &#8211; Sala de informatică, etaj I, nr. 16</p>
<p>&#8211; MIERCURI, 30.06.2020, între orele 8:00 &#8211; 12:00 în clădirea 2 din str. Mărăști, nr. 8A &#8211; Parter</p>
<p>sau</p>
<p>pe adresa de e-mail <b>contestatie_en@liceuldeartams.ro</b> conform programului de depunere a contestațiilor</p>
<hr>
<hr>
<p><b><a href="/wp-content/uploads/2021/06/Cerere_contestatii_EN2021.pdf">Cerere_contestatii_EN2021.pdf</a></b></p>
<hr>
<hr>

<p>DATA: 10.07.2025 LISTA NOTELOR FINALE &#8211; EVALUAREA NAȚIONALĂ 2025 DATA: 03.07.2025 LISTA NOTELOR &#8211; EVALUAREA NAȚIONALĂ 2025 DATA: 25.06.2025 ANUNȚ VIZUALIZARE CONTESTAȚII &#8211; COLEGIUL NAȚIONAL DE ARTĂ TÂRGU MUREȘ &#8211; EVALUAREA NAȚIONALĂ 2025 MODEL &#8211; CERERE CONTESTAȚIE &#8211; COLEGIUL NAȚIONAL DE ARTĂ TÂRGU MUREȘ &#8211; EVALUAREA NAȚIONALĂ 2025 MODEL &#8211; CERERE VIZUALIZARE &#8211; COLEGIUL NAȚIONAL&#8230;</p>
