{"id":1611,"date":"2017-02-16T15:18:35","date_gmt":"2017-02-16T13:18:35","guid":{"rendered":"http:\/\/www.liceuldeartams.ro\/metodologie_muzica_ix\/"},"modified":"2024-03-07T12:47:59","modified_gmt":"2024-03-07T10:47:59","slug":"metodologie_muzica_ix-2","status":"publish","type":"page","link":"https:\/\/www.liceuldeartams.ro\/en\/metodologie_muzica_ix-2\/","title":{"rendered":"Metodologie muzic\u0103 clasa a IX-a"},"content":{"rendered":"<h4><b><u>DATA: 07.03.2024\u00a0<\/u><\/h4>\n<p><!--\n\n<h5><b><a href=\"http:\/\/www.liceuldeartams.ro\/wp-content\/uploads\/2022\/10\/Calendarul_adm_inv_lic_2023_2024.pdf\"> Calendarul admiterii \u00een \u00eenv\u0103\u021b\u0103m\u00e2ntul liceal pentru anul \u0219colar 2023-2024<\/a><\/b>--><\/p>\n<h5><b><a href=\"http:\/\/www.liceuldeartams.ro\/wp-content\/uploads\/2024\/03\/Ordin-admitere-liceu-2024-plus-anexe.pdf\">ORDIN privind organizarea \u0219i desf\u0103\u0219urarea admiterii \u00een \u00eenv\u0103\u021b\u0103m\u00e2ntul liceal pentru anul \u0219colar 2024-2025<\/a><\/b><\/p>\n<hr \/>\n<h5><b><a href=\"http:\/\/www.liceuldeartams.ro\/wp-content\/uploads\/2024\/03\/PROBE_DE_APTITUDINI_MUZ_IX_RO_2024_2025.pdf\">DESF\u0102\u0218URAREA PROBELOR DE APTITUDINI- specializarea MUZIC\u0102 PENTRU ADMITEREA \u00ceN CLASA A IX-A LA LICEUL VOCA\u021aIONAL DE ART\u0102- SEC\u021aIA ROM\u00c2N\u0102 \u0218I MAGHIAR\u0102 (RO)<\/a><\/b><\/h5>\n<h5><b><a href=\"http:\/\/www.liceuldeartams.ro\/wp-content\/uploads\/2024\/03\/PROBE_DE_APTITUDINI_MUZ_IX_MA_2024_2025.pdf\">A k\u00e9szs\u00e9gfelm\u00e9r\u0151 vizsg\u00e1k id\u0151pontja a M\u0171v\u00e9szeti Szakl\u00edceum ZENE szak\u00e1ra IX. oszt\u00e1lyba felv\u00e9teliz\u0151k sz\u00e1m\u00e1ra &#8211; magyar \u00e9s rom\u00e1n tagozatra (MA)<\/a><\/b><\/h5>\n<hr \/>\n<hr \/>\n<h4><b><u>DATA: 23.05.2023<\/u><br \/>\n<!--\n\n\n<hr \/>\n\n\n\n\n<h5><b><a href=\"http:\/\/www.liceuldeartams.ro\/wp-content\/uploads\/2023\/05\/aptitudini_muzica_RO_2023.pdf\">REZULTATE APTITUDINI MUZICA - SEC\u021aIA ROM\u00c2N\u0102 - 2023<\/a><\/b><\/h5>\n\n\n\n\n<h5><b><a href=\"http:\/\/www.liceuldeartams.ro\/wp-content\/uploads\/2023\/05\/aptitudini_muzica_MA_2023.pdf\">REZULTATE APTITUDINI MUZICA - SEC\u021aIA MAGHIAR\u0102 - 2023<\/a><\/b><\/h5>\n\n\n\n\n<h5><b><a href=\"http:\/\/www.liceuldeartams.ro\/wp-content\/uploads\/2023\/05\/aptitudini_muzica_MA_2022.pdf\">REZULTATE APTITUDINI MUZICA - SEC\u021aIA RROMI- 2023<\/a><\/b><\/h5>\n\n\n\n\n<hr \/>\n\n\n--><\/p>\n<hr \/>\n<h4><b><u>DATA: 23.05.2023<\/u><\/p>\n<hr \/>\n<h5><b><a href=\"http:\/\/www.liceuldeartams.ro\/wp-content\/uploads\/2023\/03\/PROBE_DE_APTITUDINI_MUZ_IX_RO_2023_2024.pdf\">DESF\u0102\u0218URAREA PROBELOR DE APTITUDINI- specializarea MUZIC\u0102 PENTRU ADMITEREA \u00ceN CLASA A IX-A LA LICEUL VOCA\u021aIONAL DE ART\u0102- SEC\u021aIA ROM\u00c2N\u0102 \u0218I MAGHIAR\u0102 (RO)<\/a><\/b><\/h5>\n<h5><b><a href=\"http:\/\/www.liceuldeartams.ro\/wp-content\/uploads\/2023\/03\/PROBE_DE_APTITUDINI_MUZ_IX_MA_2023_2024.pdf\">A k\u00e9szs\u00e9gfelm\u00e9r\u0151 vizsg\u00e1k id\u0151pontja a M\u0171v\u00e9szeti Szakl\u00edceum ZENE szak\u00e1ra IX. oszt\u00e1lyba felv\u00e9teliz\u0151k sz\u00e1m\u00e1ra &#8211; magyar \u00e9s rom\u00e1n tagozatra (MA)<\/a><\/b><\/h5>\n<hr \/>\n<h5><b><a href=\"http:\/\/www.liceuldeartams.ro\/wp-content\/uploads\/2023\/02\/Grafic__Pregatiri.pdf\"> <img decoding=\"async\" src=\"http:\/\/www.liceuldeartams.ro\/wp-content\/uploads\/2023\/02\/Grafic__Pregatiri.jpg\" \" alt=\"\"><\/p>\n<h5><b><a href=\"http:\/\/www.liceuldeartams.ro\/wp-content\/uploads\/2023\/02\/Felkeszito__Program.pdf\"> <img decoding=\"async\" src=\"http:\/\/www.liceuldeartams.ro\/wp-content\/uploads\/2023\/02\/Felkeszito__Program.jpg\" alt=\"\"><\/a><\/b><\/p>\n<hr \/>\n<hr \/>\n<h5><b><u>DATA: 04.10.2022\u00a0<\/u><\/h5>\n<h5><b><a href=\"http:\/\/www.liceuldeartams.ro\/wp-content\/uploads\/2022\/10\/Calendarul_adm_inv_lic_2023_2024.pdf\"> Calendarul admiterii \u00een \u00eenv\u0103\u021b\u0103m\u00e2ntul liceal pentru anul \u0219colar 2023-2024<\/a><\/b><\/p>\n<h5><b><a href=\"http:\/\/www.liceuldeartams.ro\/wp-content\/uploads\/2022\/10\/Admitere_IX_ORDIN_756_16_09_2022.pdf\">ORDIN privind organizarea \u0219i desf\u0103\u0219urarea admiterii \u00een \u00eenv\u0103\u021b\u0103m\u00e2ntul liceal pentru anul \u0219colar 2023-2024 &#8211; completare<\/a><\/b><\/p>\n<hr \/>\n<h5><b><a href=\"http:\/\/www.liceuldeartams.ro\/wp-content\/uploads\/2022\/05\/aptitudini_muzica_RO__AFISARE_PARTIALA_2022.pdf\">REZULTATE PARTIALE APTITUDINI MUZICA &#8211; SEC\u021aIA ROM\u00c2N\u0102 &#8211; 2022<\/a><\/b><\/p>\n<h5><b><a href=\"http:\/\/www.liceuldeartams.ro\/wp-content\/uploads\/2022\/05\/aptitudini_muzica_MA__AFISARE_PARTIALA__2022.pdf\">REZULTATE PARTIALE APTITUDINI MUZICA &#8211; SEC\u021aIA MAGHIAR\u0102 &#8211; 2022<\/a><\/b><\/h5>\n<hr \/>\n<h5><b><u>CALENDAR PROBE DE APTITUDINI ADMITERE \u00ceN CLASA A IX-A &#8211; 2022-2023<\/u><\/b><\/h5>\n<h4><b><a href=\"http:\/\/www.liceuldeartams.ro\/wp-content\/uploads\/2022\/01\/ordin_admitere_liceu_2022_2023.pdf\">Anexele nr. 1\u20145 la Ordinul ministrului educa\u021biei nr. 5.150\/2021 privind organizarea \u0219i desf\u0103\u0219urarea admiterii \u00een \u00eenv\u0103\u021b\u0103m\u00e2ntul liceal pentru anul \u0219colar 2022\u20142023<\/a><\/b><\/h4>\n<p>&nbsp;<\/p>\n<hr \/>\n<h4><b><u>DATA: 02.05.2022<\/u><\/b><\/h4>\n<p><img decoding=\"async\" src=\"http:\/\/www.liceuldeartams.ro\/wp-content\/uploads\/2022\/05\/Pregatiri_M_AA_2022.jpg\" alt=\"Pregatiri Admitere muzica si Arta actorului 2022-2023\" \/><\/p>\n<p><img decoding=\"async\" src=\"http:\/\/www.liceuldeartams.ro\/wp-content\/uploads\/2022\/03\/AFIS_IX_2022-2023.jpg\" alt=\"Admitere 2022-2023\" \/><\/p>\n<hr \/>\n<h4><b><u>DATA: 23.03.2022<\/u><\/b><\/h4>\n<h5><b><u>CALENDAR PROBE DE APTITUDINI ADMITERE \u00ceN CLASA A IX-A &#8211; 2022-2023<\/u><\/b><\/h5>\n<h5><b><a href=\"http:\/\/www.liceuldeartams.ro\/wp-content\/uploads\/2022\/03\/PROBE_DE_APTITUDINI_MUZICA_IX_RO_2022-2023.pdf\">DESF\u0102\u0218URAREA PROBELOR DE APTITUDINI- specializarea MUZIC\u0102 PENTRU ADMITEREA \u00ceN CLASA A IX-A LA LICEUL VOCA\u021aIONAL DE ART\u0102- SEC\u021aIA ROM\u00c2N\u0102 \u0218I MAGHIAR\u0102 (RO)<\/b><br \/>\n<\/a><\/p>\n<h5><b><a href=\"http:\/\/www.liceuldeartams.ro\/wp-content\/uploads\/2022\/03\/PROBE_DE_APTITUDINI_MUZICA_IX_MA_2022-2023.pdf\">A k\u00e9szs\u00e9gfelm\u00e9r\u0151 vizsg\u00e1k id\u0151pontja a M\u0171v\u00e9szeti Szakl\u00edceum ZENE szak\u00e1ra IX. oszt\u00e1lyba felv\u00e9teliz\u0151k sz\u00e1m\u00e1ra &#8211; magyar \u00e9s rom\u00e1n tagozatra (MA)<\/b><br \/>\n<\/a><\/p>\n<h5><b><a href=\"http:\/\/www.liceuldeartams.ro\/wp-content\/uploads\/2022\/03\/PROBE_DE_APTITUDINI_AA_IX_RO_2022-2023.pdf\">DESF\u0102\u0218URAREA PROBELOR DE APTITUDINI- specializarea ARTA ACTORULUI PENTRU ADMITEREA \u00ceN CLASA A IX-A la LICEUL VOCA\u021aIONAL DE ART\u0102 TG. MURE\u0218 &#8211; SEC\u021aIA ROM\u00c2N\u0102 \u0218I MAGHIAR\u0102 (RO)<\/b><br \/>\n<\/a><\/p>\n<h5><b><a href=\"http:\/\/www.liceuldeartams.ro\/wp-content\/uploads\/2022\/03\/PROBE_DE_APTITUDINI_AA_IX_MA_2022-2023.pdf\">A k\u00e9szs\u00e9gfelm\u00e9r\u0151 vizsg\u00e1k id\u0151pontja a M\u0171v\u00e9szeti Szakl\u00edceum SZ\u00cdN\u00c9SZMESTERS\u00c9G szak\u00e1ra IX. oszt\u00e1lyba felv\u00e9teliz\u0151k sz\u00e1m\u00e1ra &#8211; magyar \u00e9s rom\u00e1n tagozatra (MA)<\/b><\/p>\n<h5><b><a href=\"http:\/\/www.liceuldeartams.ro\/wp-content\/uploads\/2022\/03\/PROBE_DE_APTITUDINI_AP_ARH_IX_RO_2022-2023.pdf\">DESF\u0102\u0218URAREA PROBELOR DE APTITUDINI- specializarea ARTE PLASTICE \u0218I ARHITECTUR\u0102 PENTRU ADMITEREA \u00ceN CLASA A IX-A LA LICEUL VOCA\u021aIONAL DE ART\u0102- SEC\u021aIA ROM\u00c2N\u0102 \u0218I MAGHIAR\u0102<\/b><br \/>\n<\/a><\/p>\n<h5><b><a href=\"http:\/\/www.liceuldeartams.ro\/wp-content\/uploads\/2022\/03\/PROBE_DE_APTITUDINI_AP_ARH_IX_MA_2022-2023.pdf\"> A k\u00e9szs\u00e9gfelm\u00e9r\u0151 vizsg\u00e1k id\u0151pontja a M\u0171v\u00e9szeti Szakl\u00edceum K\u00c9PZ\u0150M\u0170V\u00c9SZET \u00e9s M\u0170\u00c9P\u00cdT\u00c9SZET szak\u00e1ra IX. oszt\u00e1lyba felv\u00e9teliz\u0151k sz\u00e1m\u00e1ra &#8211; magyar \u00e9s rom\u00e1n tagozatra <\/b><br \/>\n<\/a><\/p>\n<p><img decoding=\"async\" src=\"http:\/\/www.liceuldeartams.ro\/wp-content\/uploads\/2022\/03\/Pregatiri_Admitere_V_IX_2022-2023.jpg\" alt=\"Pregatiri Admitere 2022-2023\" \/><\/p>\n<hr \/>\n","protected":false},"excerpt":{"rendered":"<p>DATA: 07.03.2024\u00a0 ORDIN privind organizarea \u0219i desf\u0103\u0219urarea admiterii \u00een \u00eenv\u0103\u021b\u0103m\u00e2ntul liceal pentru anul \u0219colar 2024-2025 DESF\u0102\u0218URAREA PROBELOR DE APTITUDINI- specializarea MUZIC\u0102 PENTRU ADMITEREA \u00ceN CLASA A IX-A LA LICEUL VOCA\u021aIONAL DE ART\u0102- SEC\u021aIA ROM\u00c2N\u0102 \u0218I MAGHIAR\u0102 (RO) A k\u00e9szs\u00e9gfelm\u00e9r\u0151 vizsg\u00e1k id\u0151pontja a M\u0171v\u00e9szeti Szakl\u00edceum ZENE szak\u00e1ra IX. oszt\u00e1lyba felv\u00e9teliz\u0151k sz\u00e1m\u00e1ra &#8211; magyar \u00e9s rom\u00e1n tagozatra&#8230;<\/p>\n","protected":false},"author":1,"featured_media":0,"parent":0,"menu_order":0,"comment_status":"closed","ping_status":"closed","template":"","meta":{"footnotes":""},"class_list":["post-1611","page","type-page","status-publish","hentry"],"_links":{"self":[{"href":"https:\/\/www.liceuldeartams.ro\/en\/wp-json\/wp\/v2\/pages\/1611","targetHints":{"allow":["GET"]}}],"collection":[{"href":"https:\/\/www.liceuldeartams.ro\/en\/wp-json\/wp\/v2\/pages"}],"about":[{"href":"https:\/\/www.liceuldeartams.ro\/en\/wp-json\/wp\/v2\/types\/page"}],"author":[{"embeddable":true,"href":"https:\/\/www.liceuldeartams.ro\/en\/wp-json\/wp\/v2\/users\/1"}],"replies":[{"embeddable":true,"href":"https:\/\/www.liceuldeartams.ro\/en\/wp-json\/wp\/v2\/comments?post=1611"}],"version-history":[{"count":13,"href":"https:\/\/www.liceuldeartams.ro\/en\/wp-json\/wp\/v2\/pages\/1611\/revisions"}],"predecessor-version":[{"id":11565,"href":"https:\/\/www.liceuldeartams.ro\/en\/wp-json\/wp\/v2\/pages\/1611\/revisions\/11565"}],"wp:attachment":[{"href":"https:\/\/www.liceuldeartams.ro\/en\/wp-json\/wp\/v2\/media?parent=1611"}],"curies":[{"name":"wp","href":"https:\/\/api.w.org\/{rel}","templated":true}]}}

Metodologie muzică clasa a IX-a

<h4><b><u>DATA: 07.03.2024 </u></h4>
<p><!--

<h5><b><a href="http://www.liceuldeartams.ro/wp-content/uploads/2022/10/Calendarul_adm_inv_lic_2023_2024.pdf"> Calendarul admiterii în învățământul liceal pentru anul școlar 2023-2024</a></b>--></p>
<h5><b><a href="http://www.liceuldeartams.ro/wp-content/uploads/2024/03/Ordin-admitere-liceu-2024-plus-anexe.pdf">ORDIN privind organizarea și desfășurarea admiterii în învățământul liceal pentru anul școlar 2024-2025</a></b></p>
<hr />
<h5><b><a href="http://www.liceuldeartams.ro/wp-content/uploads/2024/03/PROBE_DE_APTITUDINI_MUZ_IX_RO_2024_2025.pdf">DESFĂȘURAREA PROBELOR DE APTITUDINI- specializarea MUZICĂ PENTRU ADMITEREA ÎN CLASA A IX-A LA LICEUL VOCAȚIONAL DE ARTĂ- SECȚIA ROMÂNĂ ȘI MAGHIARĂ (RO)</a></b></h5>
<h5><b><a href="http://www.liceuldeartams.ro/wp-content/uploads/2024/03/PROBE_DE_APTITUDINI_MUZ_IX_MA_2024_2025.pdf">A készségfelmérő vizsgák időpontja a Művészeti Szaklíceum ZENE szakára IX. osztályba felvételizők számára &#8211; magyar és román tagozatra (MA)</a></b></h5>
<hr />
<hr />
<h4><b><u>DATA: 23.05.2023</u><br />
<!--


<hr />




<h5><b><a href="http://www.liceuldeartams.ro/wp-content/uploads/2023/05/aptitudini_muzica_RO_2023.pdf">REZULTATE APTITUDINI MUZICA - SECȚIA ROMÂNĂ - 2023</a></b></h5>




<h5><b><a href="http://www.liceuldeartams.ro/wp-content/uploads/2023/05/aptitudini_muzica_MA_2023.pdf">REZULTATE APTITUDINI MUZICA - SECȚIA MAGHIARĂ - 2023</a></b></h5>




<h5><b><a href="http://www.liceuldeartams.ro/wp-content/uploads/2023/05/aptitudini_muzica_MA_2022.pdf">REZULTATE APTITUDINI MUZICA - SECȚIA RROMI- 2023</a></b></h5>




<hr />


--></p>
<hr />
<h4><b><u>DATA: 23.05.2023</u></p>
<hr />
<h5><b><a href="http://www.liceuldeartams.ro/wp-content/uploads/2023/03/PROBE_DE_APTITUDINI_MUZ_IX_RO_2023_2024.pdf">DESFĂȘURAREA PROBELOR DE APTITUDINI- specializarea MUZICĂ PENTRU ADMITEREA ÎN CLASA A IX-A LA LICEUL VOCAȚIONAL DE ARTĂ- SECȚIA ROMÂNĂ ȘI MAGHIARĂ (RO)</a></b></h5>
<h5><b><a href="http://www.liceuldeartams.ro/wp-content/uploads/2023/03/PROBE_DE_APTITUDINI_MUZ_IX_MA_2023_2024.pdf">A készségfelmérő vizsgák időpontja a Művészeti Szaklíceum ZENE szakára IX. osztályba felvételizők számára &#8211; magyar és román tagozatra (MA)</a></b></h5>
<hr />
<h5><b><a href="http://www.liceuldeartams.ro/wp-content/uploads/2023/02/Grafic__Pregatiri.pdf"> <img decoding="async" src="http://www.liceuldeartams.ro/wp-content/uploads/2023/02/Grafic__Pregatiri.jpg" " alt=""></p>
<h5><b><a href="http://www.liceuldeartams.ro/wp-content/uploads/2023/02/Felkeszito__Program.pdf"> <img decoding="async" src="http://www.liceuldeartams.ro/wp-content/uploads/2023/02/Felkeszito__Program.jpg" alt=""></a></b></p>
<hr />
<hr />
<h5><b><u>DATA: 04.10.2022 </u></h5>
<h5><b><a href="http://www.liceuldeartams.ro/wp-content/uploads/2022/10/Calendarul_adm_inv_lic_2023_2024.pdf"> Calendarul admiterii în învățământul liceal pentru anul școlar 2023-2024</a></b></p>
<h5><b><a href="http://www.liceuldeartams.ro/wp-content/uploads/2022/10/Admitere_IX_ORDIN_756_16_09_2022.pdf">ORDIN privind organizarea și desfășurarea admiterii în învățământul liceal pentru anul școlar 2023-2024 &#8211; completare</a></b></p>
<hr />
<h5><b><a href="http://www.liceuldeartams.ro/wp-content/uploads/2022/05/aptitudini_muzica_RO__AFISARE_PARTIALA_2022.pdf">REZULTATE PARTIALE APTITUDINI MUZICA &#8211; SECȚIA ROMÂNĂ &#8211; 2022</a></b></p>
<h5><b><a href="http://www.liceuldeartams.ro/wp-content/uploads/2022/05/aptitudini_muzica_MA__AFISARE_PARTIALA__2022.pdf">REZULTATE PARTIALE APTITUDINI MUZICA &#8211; SECȚIA MAGHIARĂ &#8211; 2022</a></b></h5>
<hr />
<h5><b><u>CALENDAR PROBE DE APTITUDINI ADMITERE ÎN CLASA A IX-A &#8211; 2022-2023</u></b></h5>
<h4><b><a href="http://www.liceuldeartams.ro/wp-content/uploads/2022/01/ordin_admitere_liceu_2022_2023.pdf">Anexele nr. 1—5 la Ordinul ministrului educației nr. 5.150/2021 privind organizarea și desfășurarea admiterii în învățământul liceal pentru anul școlar 2022—2023</a></b></h4>
<p>&nbsp;</p>
<hr />
<h4><b><u>DATA: 02.05.2022</u></b></h4>
<p><img decoding="async" src="http://www.liceuldeartams.ro/wp-content/uploads/2022/05/Pregatiri_M_AA_2022.jpg" alt="Pregatiri Admitere muzica si Arta actorului 2022-2023" /></p>
<p><img decoding="async" src="http://www.liceuldeartams.ro/wp-content/uploads/2022/03/AFIS_IX_2022-2023.jpg" alt="Admitere 2022-2023" /></p>
<hr />
<h4><b><u>DATA: 23.03.2022</u></b></h4>
<h5><b><u>CALENDAR PROBE DE APTITUDINI ADMITERE ÎN CLASA A IX-A &#8211; 2022-2023</u></b></h5>
<h5><b><a href="http://www.liceuldeartams.ro/wp-content/uploads/2022/03/PROBE_DE_APTITUDINI_MUZICA_IX_RO_2022-2023.pdf">DESFĂȘURAREA PROBELOR DE APTITUDINI- specializarea MUZICĂ PENTRU ADMITEREA ÎN CLASA A IX-A LA LICEUL VOCAȚIONAL DE ARTĂ- SECȚIA ROMÂNĂ ȘI MAGHIARĂ (RO)</b><br />
</a></p>
<h5><b><a href="http://www.liceuldeartams.ro/wp-content/uploads/2022/03/PROBE_DE_APTITUDINI_MUZICA_IX_MA_2022-2023.pdf">A készségfelmérő vizsgák időpontja a Művészeti Szaklíceum ZENE szakára IX. osztályba felvételizők számára &#8211; magyar és román tagozatra (MA)</b><br />
</a></p>
<h5><b><a href="http://www.liceuldeartams.ro/wp-content/uploads/2022/03/PROBE_DE_APTITUDINI_AA_IX_RO_2022-2023.pdf">DESFĂȘURAREA PROBELOR DE APTITUDINI- specializarea ARTA ACTORULUI PENTRU ADMITEREA ÎN CLASA A IX-A la LICEUL VOCAȚIONAL DE ARTĂ TG. MUREȘ &#8211; SECȚIA ROMÂNĂ ȘI MAGHIARĂ (RO)</b><br />
</a></p>
<h5><b><a href="http://www.liceuldeartams.ro/wp-content/uploads/2022/03/PROBE_DE_APTITUDINI_AA_IX_MA_2022-2023.pdf">A készségfelmérő vizsgák időpontja a Művészeti Szaklíceum SZÍNÉSZMESTERSÉG szakára IX. osztályba felvételizők számára &#8211; magyar és román tagozatra (MA)</b></p>
<h5><b><a href="http://www.liceuldeartams.ro/wp-content/uploads/2022/03/PROBE_DE_APTITUDINI_AP_ARH_IX_RO_2022-2023.pdf">DESFĂȘURAREA PROBELOR DE APTITUDINI- specializarea ARTE PLASTICE ȘI ARHITECTURĂ PENTRU ADMITEREA ÎN CLASA A IX-A LA LICEUL VOCAȚIONAL DE ARTĂ- SECȚIA ROMÂNĂ ȘI MAGHIARĂ</b><br />
</a></p>
<h5><b><a href="http://www.liceuldeartams.ro/wp-content/uploads/2022/03/PROBE_DE_APTITUDINI_AP_ARH_IX_MA_2022-2023.pdf"> A készségfelmérő vizsgák időpontja a Művészeti Szaklíceum KÉPZŐMŰVÉSZET és MŰÉPÍTÉSZET szakára IX. osztályba felvételizők számára &#8211; magyar és román tagozatra </b><br />
</a></p>
<p><img decoding="async" src="http://www.liceuldeartams.ro/wp-content/uploads/2022/03/Pregatiri_Admitere_V_IX_2022-2023.jpg" alt="Pregatiri Admitere 2022-2023" /></p>
<hr />

<p>DATA: 07.03.2024  ORDIN privind organizarea și desfășurarea admiterii în învățământul liceal pentru anul școlar 2024-2025 DESFĂȘURAREA PROBELOR DE APTITUDINI- specializarea MUZICĂ PENTRU ADMITEREA ÎN CLASA A IX-A LA LICEUL VOCAȚIONAL DE ARTĂ- SECȚIA ROMÂNĂ ȘI MAGHIARĂ (RO) A készségfelmérő vizsgák időpontja a Művészeti Szaklíceum ZENE szakára IX. osztályba felvételizők számára &#8211; magyar és román tagozatra&#8230;</p>
